*g(a) + 3*k(a). Is q(5) a prime number?
False
Suppose -7*m = -19 - 16. Suppose 2560 = -2*b - 0*p - 2*p, m*b = 2*p - 6421. Let r = -564 - b. Is r a prime number?
True
Let n(s) be the second derivative of s**5/20 + 13*s**4/12 - s**3/6 - 4*s**2 - 14*s. Let f be n(-13). Is 1*2*(11106/12 + f) a prime number?
True
Let h = -375081 - -594946. Is h composite?
True
Let z = 2457923 + -1359436. Is z prime?
False
Suppose -5*i = -5*y + 122410, 2*y + 4*i - 18614 = 30380. Is y a prime number?
False
Let q = 10 - 17. Let c = 43 + q. Is (11255/180 - (-8)/c)*4 prime?
True
Suppose -15*i - 40450 = -20*i. Suppose m - i = -m. Suppose m = -4*n + 11673. Is n a prime number?
True
Let d = -1087284 + 1565777. Is d prime?
True
Let i = -20199 + 34009. Suppose -j - i = -3*c, -4*j - 8751 = -3*c + 5053. Suppose 2*y = 6*y - c. Is y composite?
False
Is (-5*988506/120)/(6/(-136)*1) composite?
True
Let n(z) = -2*z**3 + 301*z**2 - 145*z - 239. Is n(130) a prime number?
True
Suppose -3*o - 3 = 0, -4*o = 3*r - 6*r + 13. Let a = 24713 + -24129. Suppose j - 585 = y, r*y + a = j + y. Is j a prime number?
False
Let g = -6266 + -4871. Is 1*(-2 + (-8 - g)) a composite number?
True
Suppose 67*b = 75*b - 24. Suppose 18958 = 2*o - 5*x, -5*o + 69645 = -b*x + 22250. Is o prime?
True
Suppose -4*b + 22*b + 5044457 = 169*b. Is b a prime number?
False
Suppose -24*a = 189514 - 555730. Is a composite?
False
Let w be 4 + (0 - (-4)/(-1)). Let n(h) = 7*h + 5. Let a be n(w). Suppose a*f - 4*z - 2200 = -7*z, 0 = 5*f + z - 2190. Is f composite?
True
Suppose 3*w + 139408 = z, -12*z - 2*w + 139443 = -11*z. Is z a prime number?
True
Let q = -71 - -74. Suppose 3*r - q*m - 1350 = 0, 2*m = -2*r - 3*m + 886. Is -9 + 5 - (-1 - r - 0) a composite number?
True
Let k(l) = -2241*l + 122. Suppose 4*a + 62 = 2*n, 0 = 8*n - 6*n + 6. Is k(a) a composite number?
False
Is (-2)/(-21) + (-226985225)/(-1491) a prime number?
False
Let x(c) = 846*c + 4. Let d(t) = 3*t + 6. Let l be d(2). Let v be x(l). Let b = v + -6785. Is b prime?
True
Let a(u) = u - 2. Let i be a(-7). Let p(y) = 17*y**2 + 7*y + 47. Is p(i) composite?
False
Let h be (-15 + 18)/(1 + (-11546)/11552). Suppose -19*v + h = -18107. Is v a prime number?
False
Let t(v) = 5097*v**2 + 109*v - 903. Is t(8) composite?
True
Let y = -125 + 181. Is (-920)/(-42) - y/(-588) a composite number?
True
Suppose -4*z + 2060 = 4*n, -1505 = -5*z + 2*z + 5*n. Let w = -677 + 1518. Let u = w - z. Is u composite?
False
Let v(m) be the first derivative of 3*m**4/2 - 4*m**3/3 + 11*m**2/2 - 8*m + 126. Is v(7) composite?
False
Is (((-3351228)/30)/(((-12)/(-20))/(-3)))/2 a composite number?
False
Suppose 4*s = k + 3*k + 4036, 2*s - 2033 = 5*k. Let j = s - 675. Is j + (-2)/(-5)*5 a prime number?
True
Let z = 58856 + 22961. Is z composite?
False
Let v(c) = 57*c**3 - 46*c**2 - 6*c + 32. Is v(11) a prime number?
False
Let d(l) = 18*l**2 + 7*l - 7. Let h be d(-7). Suppose 0 = 27*c + 70*c + 39479. Let n = h + c. Is n prime?
True
Let h = 129517 + -59526. Is h composite?
False
Let j = -549 - -542. Let z(v) = -11*v**3 + 2*v**2 - 30*v - 2. Is z(j) composite?
False
Let s(b) = -5*b - 16. Let u be s(-4). Suppose 2*o - 4 - 2 = -w, o - 59 = -u*w. Suppose w*j = 18*j - 92. Is j a prime number?
False
Suppose 5*x - 4*n + 2 - 26 = 0, -3*x - 5*n = -7. Let b be ((-166)/(-6) - -3)*(-18)/x. Let j = b - -509. Is j composite?
True
Let w(f) = f**2 - 19. Let o be w(-4). Is (-39)/39*(-1)/(o/(-42843)) a prime number?
True
Let u be (-40 + 9)*2964/(-4). Let c = -14962 + u. Is c a composite number?
False
Let b = 3226 - 7397. Let j = -822 - b. Is j a prime number?
False
Let h = 386719 - 573649. Is h/(-25) + (-4)/20 composite?
False
Let x = -156179 + 474300. Is x a prime number?
False
Let d be (-24)/(-15) + -2 + 86010/150. Suppose 4*a - 3959 = d. Is a a composite number?
True
Let q(c) = 241*c**2 - 2*c + 1. Let w be q(1). Let m be w/((-2)/(-12)*4). Let n = -247 + m. Is n prime?
True
Suppose 16*f + 2661076 = 40*f + 20*f. Is f a prime number?
False
Suppose -6290198 - 14170390 = 2*b - 14*b. Is b a prime number?
False
Let x be ((-88)/(-10))/((-610)/(-75) + -8). Suppose -4*h = -2*i - x, 3*h + 2*i = -h + 62. Is h/(-2)*(-412)/16 composite?
True
Suppose -3*i = z - 74388, -i = 20*z - 21*z - 24800. Is i composite?
True
Is (-58)/(-377) + (-8229245)/(-13) composite?
True
Suppose 2*v + 102751 = o, 32*o - 36*o = 8*v - 411084. Is o composite?
False
Suppose 0 = -57*j - 29*j + 53320. Let s = -212 + 367. Suppose 5*m + q - j = m, -m = -2*q - s. Is m composite?
True
Suppose 0 = 4*b - 2*w + 75573 - 1309525, 0 = -4*b - 2*w + 1233944. Is b a composite number?
True
Suppose 7*u - 73027 + 4889 = 0. Is u/2 - (33 - 27) a prime number?
True
Let s be (60/(-90))/(2/(-15)). Suppose 2*f = -4*p + 510, -2*p + 3*p + s*f = 132. Is p a composite number?
False
Suppose -1103322 - 2219315 = -37*u. Is u prime?
False
Let a(b) be the third derivative of b**6/24 - b**5/20 - b**4/4 + 13*b**3/6 + 2073*b**2. Let u be (-4)/6 - 20/(-3). Is a(u) composite?
True
Let c be 175/35 - (-1 + 1). Suppose -c*t = -5*w + 27745, 2*w - 1202 - 9896 = -4*t. Is w prime?
False
Let w = -48 - -54. Suppose -h = w*h + 28. Is (-12)/h - 2 - (-64 + 0) a composite number?
True
Let g = 262097 - 149703. Is g a composite number?
True
Let b be -1 + (2678/12 - (-4)/(-24)). Suppose 0 = 4*a - 2*a - l - b, -3*a + 315 = 3*l. Is a prime?
True
Suppose -2*t + 3 = -0*u + 3*u, 3*t + 3 = -2*u. Suppose u*y - y + 36990 = 0. Is ((-2)/6)/(15/y) composite?
True
Let y be (24/4 + -8)*(-30)/4. Suppose -3331 = -a - 2*z, z - y = 4*z. Is a a prime number?
False
Let g(a) = -16 + 39*a - 7*a**3 - 15*a**2 + 6*a**3 + 53. Is g(-18) prime?
True
Suppose -b - 5*f = 1, -2*b - 2*f = 2*b - 14. Suppose 0 = -w - b*w + 30. Suppose 0 = w*o + 184 - 6238. Is o composite?
False
Let f(r) = -743*r**3 - r**2 + 10*r + 7. Is f(-3) composite?
False
Suppose -3*p = -7*w + 2*w - 8747, 2*p + w - 5840 = 0. Suppose p + 7840 = 3*h + 4*b, 14362 = 4*h - 3*b. Is h a composite number?
True
Suppose -18281559 - 1024051 = -142*o. Is o a composite number?
True
Let l = -345 - -356. Suppose -l*i = -21*i + 53150. Is i prime?
False
Let v(w) = 707*w + 133. Let m(k) = 1414*k + 268. Let z(q) = 2*m(q) - 5*v(q). Is z(-10) prime?
False
Let j(m) = 0 + 117*m**3 + m**2 + 1 + 72*m**3 + m**2 + m. Let v be j(2). Suppose -2*o - v = -3*g, 0 = 2*g - 6*g + 3*o + 2032. Is g a prime number?
False
Let i(m) = -m**3 - 7*m**2 + 10*m + 23. Suppose t = -f - 5, -f - t = f + 13. Let y be i(f). Suppose 0 = 11*s - y*s - 5384. Is s prime?
False
Suppose 0 = 4*n - 6*n + 8. Suppose 2*f = x - 1730, -n*x = 6*f - f - 6959. Let y = -1017 + x. Is y prime?
True
Let v(l) = 28*l**2 + 15*l - 7. Let k be v(6). Suppose 0 = k*z - 1093*z + 36238. Is z composite?
False
Let s = 48 + -46. Is s*(-5 - (-28566)/12) a prime number?
True
Let u be 4/(5*28/50 + -2). Suppose u*o = -3*h + 113932, -21*h + 4*o = -22*h + 37975. Is h prime?
False
Let i = -172 + 180. Suppose -4*s = 5*w - 1048, -2*w + 0*w = -i. Is s a composite number?
False
Suppose 730*c + 730427 = 731*c. Is c a composite number?
True
Let r(a) = -3676*a - 621. Is r(-44) a composite number?
False
Let p be (24/(-72))/((7/66)/(-7)). Suppose 5*j = 0, -27*q + p*q + 48035 = 2*j. Is q a composite number?
True
Let d(v) be the first derivative of -20*v**4/3 - 23*v**3/6 + 8*v**2 - 4. Let t(b) be the second derivative of d(b). Is t(-7) a prime number?
True
Let m = 140894 - 38455. Is m a composite number?
True
Suppose 143*t = 141*t + 267262. Is t a prime number?
True
Let o(q) = -11921*q**2 + 16*q + 15. Let b be o(-1). Let t = -341 - b. Is t prime?
False
Let z = 11747 + 113087. Is z composite?
True
Let v = -24 + 28. Let s be (-1 + 8/v)*525. Is s/9 + (21/(-9) - -3) a composite number?
False
Let k = -5039 + 5098. Is k a prime number?
True
Let r be (9/21)/(8/7 - 1). Suppose 0*p = r*p - 6. Suppose u - p*i - 2 = 157, 0 = u + i - 159. Is u a prime number?
False
Let w(n) = 18*n**2 + 3*n + 2. Let i be w(-1). Let r(b) = 145*b - 172. Is r(i) a prime number?
True
Let l(o) = 455*o**3 + 6*o**2 - 6*o + 7. Is l(2) a prime number?
True
Let v(i) be the third derivative of 9*i**5/10 - 5*i**4/24 - 7*i**3/2 + 5*i**2. Let r be v(-5). Let j = r - -619. Is j a composite number?
False
Let t be 1 + 1 - 120/1. Suppose -4*i + 8*l - 787 = 9*l, 0 = -2*i + 3*l - 397. Let n = t - i. Is n prime?
True
Let 